3257?
-3258
In base 2, what is -10011100000 + 100?
-10011011100
In base 13, what is 40 - 13?
2a
In base 7, what is -4 + -166?
-203
In base 2, what is -10011 + 101?
-1110
In base 14, what is -2c + 15?
-17
In base 7, what is -5 - 3130?
-3135
In base 10, what is -65 + 0?
-65
In base 7, what is -10451 + -4?
-10455
In base 7, what is -1 + -64?
-65
In base 16, what is -3b - 88?
-c3
In base 10, what is 5 - 170?
-165
In base 7, what is 1252 - -5?
1260
In base 7, what is 11 + -44?
-33
In base 7, what is -60 + 255?
165
In base 6, what is -5 + -403?
-412
In base 11, what is 3 + 48?
50
In base 9, what is -33 - -5?
-27
In base 11, what is 350 + 2?
352
In base 5, what is -424 - 2?
-431
In base 4, what is -1222 + -2?
-1230
In base 15, what is -6 - 2a7?
-2ad
In base 9, what is 8 - 132?
-123
In base 11, what is -3 + 98?
95
In base 4, what is 1 - 123?
-122
In base 6, what is 3131 + -2?
3125
In base 10, what is -1 - 92?
-93
In base 9, what is -4 - -81?
76
In base 8, what is -1063 + -3?
-1066
In base 16, what is 3 + -2c?
-29
In base 2, what is 0 - 1010011?
-1010011
In base 14, what is -cc - 4?
-d2
In base 2, what is -10111001110010 + 100?
-10111001101110
In base 15, what is -3c - 132?
-16e
In base 8, what is -707 + -5?
-714
In base 9, what is 3 - -111?
114
In base 7, what is 3 + -10666?
-10663
In base 12, what is -13 + -17?
-2a
In base 9, what is -21 + -76?
-107
In base 16, what is f3 - 5?
ee
In base 3, what is -12 - 2212?
-10001
In base 6, what is -30454 + -1?
-30455
In base 12, what is 7 + 7?
12
In base 15, what is 384 - 2?
382
In base 4, what is -1133 + 2?
-1131
In base 8, what is 23 + -4?
17
In base 3, what is -2 - 201202?
-201211
In base 15, what is -1 + 1c?
1b
In base 6, what is 410 + -4?
402
In base 14, what is 3 + -c03?
-c00
In base 16, what is -5 - 126?
-12b
In base 5, what is -210224 - -10?
-210214
In base 10, what is -255 + -6?
-261
In base 7, what is 1453 - 0?
1453
In base 11, what is 3256 - -2?
3258
In base 3, what is 11020101 - -2?
11020110
In base 16, what is -7d6 + -4?
-7da
In base 11, what is -355 + 9?
-347
In base 3, what is -10202 - 220?
-11122
In base 8, what is 2 - -1502?
1504
In base 6, what is 14 - -22?
40
In base 12, what is 37 + 0?
37
In base 13, what is ac3 - 4?
abc
In base 6, what is -302 + -113?
-415
In base 4, what is -1021233 - -3?
-1021230
In base 13, what is -3b + 7?
-34
In base 2, what is -1110110 - -10?
-1110100
In base 3, what is 1211 + -2110?
-122
In base 6, what is 323 - -20?
343
In base 2, what is 110 + 111000001?
111000111
In base 15, what is -30 - 2?
-32
In base 13, what is 271 - -2?
273
In base 7, what is -460 + 24?
-433
In base 10, what is 6 - -252?
258
In base 8, what is -300 + 0?
-300
In base 5, what is -133 - 21?
-204
In base 10, what is -127 + 2?
-125
In base 4, what is -2 - -103110?
103102
In base 4, what is -32 + -1223?
-1321
In base 3, what is 12 - 1011102?
-1011020
In base 16, what is -5 - -b?
6
In base 8, what is 6015 + -4?
6011
In base 13, what is -219 - -5?
-214
In base 13, what is b0 - -71?
151
In base 5, what is -22 - 21?
-43
In base 9, what is -17 - -33?
15
In base 11, what is -5 + -79?
-83
In base 11, what is -38a + 4?
-386
In base 9, what is 5 + 16?
22
In base 3, what is 11211 - 12?
11122
In base 14, what is -23 + 2b?
8
In base 14, what is -3 + 15?
12
In base 15, what is -35 - 34?
-69
In base 2, what is 10010100101010 + -1?
10010100101001
In base 7, what is -3 - 233?
-236
In base 10, what is 20 + -26?
-6
In base 3, what is 10020 - 12?
10001
In base 4, what is 232201 + -3?
232132
In base 2, what is 1 + -1100011?
-1100010
In base 14, what is -4 - 759?
-75d
In base 16, what is 7 - 1f?
-18
In base 8, what is -6 + 1653?
1645
In base 13, what is 21 + 1?
22
In base 8, what is -16 + -42?
-60
In base 12, what is 8 - 41?
-35
In base 15, what is -1c + -126?
-143
In base 9, what is 207 + 48?
256
In base 9, what is 3 - -35?
38
In base 7, what is -101 + -4?
-105
In base 13, what is 7 - -11?
18
In base 13, what is -3a - 3b3?
-420
In base 4, what is 1312 + -331?
321
In base 12, what is 6a + -1?
69
In base 14, what is -7 - a21?
-a28
In base 5, what is 42 - -234?
331
In base 2, what is -1111010011001 + -101?
-1111010011110
In base 11, what is -3 + 34?
31
In base 14, what is 3 + -84?
-81
In base 3, what is 2 - 2012012?
-2012010
In base 15, what is -9 + 4e?
45
In base 10, what is 4 - 785?
-781
In base 12, what is 6 - 33?
-29
In base 9, what is -127 - 12?
-140
In base 5, what is 43 - 1?
42
In base 9, what is -5 + -127?
-133
In base 10, what is 1714 + 9?
1723
In base 2, what is -111 + -1000010111?
-1000011110
In base 10, what is -57 - -10?
-47
In base 13, what is 1 + 313?
314
In base 13, what is -16 - b?
-24
In base 7, what is -654 + 0?
-654
In base 5, what is -143 - -12?
-131
In base 16, what is 0 + -221?
-221
In base 4, what is 200 - 10?
130
In base 16, what is -3 - 32a?
-32d
In base 8, what is 2103 + -5?
2076
In base 16, what is 0 + 2f2?
2f2
In base 2, what is 10001 - -10100?
100101
In base 9, what is -781 - -4?
-776
In base 5, what is -1021 + 13?
-1003
In base 8, what is 172 - -1?
173
In base 10, what is -3 + 74?
71
In base 12, what is -a20 + -6?
-a26
In base 3, what is -112112011 + -1?
-112112012
In base 16, what is 1ff + 4?
203
In base 9, what is -42 - -34?
-7
In base 2, what is -1 - -10010100?
10010011
In base 10, what is -128 + -8?
-136
In base 15, what is -1 - 6dd?
-6de
In base 7, what is -4 - 14444?
-14451
In base 12, what is -8 - -9?
1
In base 10, what is -1 - -104?
103
In base 9, what is 108 - -42?
151
In base 3, what is -2 - -1011202?
1011200
In base 12, what is -6 + 8?
2
In base 12, what is 2 + 315?
317
In base 2, what is -1000 + 10011110?
10010110
In base 6, what is 24 - 12?
12
In base 3, what is 0 - 111122?
-111122
In base 16, what is a + -4?
6
In base 6, what is 3551 + 2?
3553
In base 6, what is -134 - 12?
-150
In base 2, what is 11110101 + -10011?
11100010
In base 8, what is -4770 - 3?
-4773
In base 7, what is -302 - -3?
-266
In base 11, what is 9 - -286?
294
In base 8, what is 11 - -16?
27
In base 14, what is 102 + 14?
116
In base 9, what is 354 - -4?
358
In base 4, what is 2 - 302211?
-302203
In base 8, what is 13 - -16?
31
In base 4, what is 232 - 3?
223
In base 6, what is -5405 + 0?
-5405
In base 10, what is 84 - -183?
267
In base 6, what is 53 - -253?
350
In base 13, what is 0 - 509?
-509
In base 4, what is -10 + 320?
310
In base 14, what is 1 - -1387?
1388
In base 3, what is 12 - -2110121?
2110210
In base 5, what is 3 + -123?
-120
In base 16, what is -27 + -2?
-29
In base 7, what is 3 - -354?
360
In base 5, what is 2422 - 1?
2421
In base 10, what is 94 + 0?
94
In base 7, what is 5 - -64?
102
In base 3, what is -220211 + -2?
-220220
In base 3, what is 112222102 - 11?
112222021
In base 10, what is 679 - 2?
677
In base 16, what is -59 - 1?
-5a
In base 13, what is -57 + -26?
-80
In base 6, what is 1010 + 33?
1043
In base 9, what is 63 - 1?
62
In base 8, what is 5 + 655?
662
In base 16, what is 43 + -5?
3e
In base 10, what is 2 - 292?
-290
In base 11, what is -5 - 361?
-366
In base 9, what is -57 - 165?
-233
In base 12, what is 0 - -38?
38
In base 16, what is -35 - -177?
142
In base 11, what is 0 - 34?
-34
In base 5, what is 240 + -13?
222
In base 4, what is 21 + -1111?
-1030
In base 9, what is -4 + -2011?
-2015
In base 14, what is 118 + -1?
117
In base 9, what is -50 - 2?
-52
In base 9, what is 125 + 4?
130
In base 4, what is -201103 + 3?
-201100
In base 15, what is -10 - -b4?
a4
In base 8, what is 5 + 10?
15
In base 2, what is -100111110101 - -100?
-100111110001
In base 16, what is 9 - 4?
5
In base 11, what is -290 - 0?
-290
In base 16, what is 61a + 4?
61e
In base 14, what is -3 - -5a?
57
In base 11, what is 950 + 20?
970
In base 11, what is 1938 + 2?
193a
In base 13, what is -1c - -810?
7c1
In base 9, what is 2 - -4132?
4134
In base 10, what is -101 + 6?
-95
In base 15, what is 168 - -4d?
1b6
In base 11, what is -2 + 23?
21
In base 8, what is -1 + -34?
-35
In base 12, what is -4 - -b4?
b0
In base 11, what is 13 - -25?
38
In base 13, what is -32 - a?
-3c
In base 15, what is 10 - -3?
13
In base 15, what is 6a + -8?
62
In base 6, what is 12 - -55?
111
In base 13, what is -4 + 83a?
836
In base 4, what is -10 - 231?
-301
In base 14, what is -75 - -2d?
-46
In base 2, what is 10 - 1010111101?
-1010111011
In